t m be f(-6). Suppose 3 = 4*s + a, -s = -5*a + m*a - 17. What is b(s)?
7
Let j(u) = -2*u**2 - u + 2. Suppose -2*b + 37 = -v, -5*v + 12 = 2*b - 43. Let l = b + -18. Let t be (0 - (-4 + 5))*l. Give j(t).
-4
Let i(l) = 2*l**3 + l. Let s(t) = t. Let n be s(1). Let d be -2 + -2 + n - -19. Suppose -8*b + 0*b = d. Give i(b).
-18
Let y(l) = -l**2 + 8*l - 2. Suppose 23*f - 25*f = -50. Let c = 31 - f. What is y(c)?
10
Let f = 18 + -16. Suppose 0 = 3*p - 0*o - f*o, o = -4*p. Let n(c) = -3*c**2 - c + 0*c - 3*c**2 + p*c. Give n(-1).
-5
Let p(b) = 8 + 45*b + 0 + 4 - 16 - 44*b. Give p(8).
4
Let d be 9/6 + (-27)/(-6). Let n = -8 - -9. Let k = d - n. Let s(y) = y**3 - 6*y**2 + 7*y - 6. Give s(k).
4
Let j be -8*(6/4 + -2). Suppose 38 = -j*k + 14. Let b(f) = f**2 + 5*f + 5*f - 5*f + 4. Calculate b(k).
10
Let p = -23 + 31. Let l = 6 - p. Let g(j) = -j**2 - 2*j + 1. Give g(l).
1
Let t(f) = -2*f - 7. Let b(l) = l + 3. Let o(w) = 2*w**2 + 14*w - 3. Let y be o(-7). Let h(a) = y*t(a) - 5*b(a). Give h(-6).
0
Let c(j) = -2*j - 48. Suppose 1294*b - 1276*b + 360 = 0. Give c(b).
-8
Let w(p) = -p**2 + 6*p - 3. Let m = 39 - 32. Calculate w(m).
-10
Let r(m) = m + 11. Suppose -4 - 2 = 3*h. Let o be ((-9)/h)/(3/(-4)). Let c be r(o). Let l(s) = -s + 3. Give l(c).
-2
Let t(h) = 8*h - 39. Let l be t(13). Let p(y) = -y**3 - 11*y**2 + 132 - 66 - l - 10*y. What is p(-10)?
1
Let q(w) = -2*w + 13. Let k(l) = l. Let b(f) = k(f) - q(f). Give b(11).
20
Let k(s) = -347*s**2 + 694*s**2 + s**3 - 349*s**2. Suppose 0 = 2*n - 5*f + 2 + 8, -2*n - 5*f - 30 = 0. Let l = -7 - n. Calculate k(l).
9
Suppose -28 = 11*b - 4*b. Let r(v) = -v**2 - 5*v + 30. Let k(c) = c**2 + 6*c - 29. Let u(a) = b*k(a) - 5*r(a). Give u(0).
-34
Let i(s) = -s**3 - 10*s**2 - 8*s + 5. Let g be i(-9). Let f(q) be the first derivative of -q**4/4 - 5*q**3/3 - 3*q**2/2 + 4*q + 39. What is f(g)?
0
Let j(l) = -l**2 + 11*l - 1. Suppose -4*s + 19 = -25. Determine j(s).
-1
Let h(d) be the third derivative of -7*d**5/60 + d**3/6 + 585*d**2. Let o(s) = -s - 1. Let q be o(0). Calculate h(q).
-6
Suppose 3 = 3*v - 2*v. Let w(q) = 3*q**v + 4 + 4*q + 5*q**2 - 6*q**3 + 4 + 2*q**3. Give w(6).
-4
Let l(b) = -2*b**3 - 3*b**2 - 27*b - 1. Let q(d) = -d**3 - d**2 - 14*d. Let i(k) = 6*l(k) - 11*q(k). Suppose 10*w + 57 = 7. What is i(w)?
-16
Let u(c) be the first derivative of -7*c**2/2 - 28. Let q(r) = -r**3 + 9*r**2 - 9*r + 9. Let z = -4 - -12. Let k be q(z). What is u(k)?
-7
Let y(l) = -l**3 - l**2 - l. Suppose 5*v + 3*h = 15, 8*v - 3*h + 15 = 3*v. What is y(v)?
0
Let j(z) be the third derivative of -z**4/12 - 2*z**3/3 - 3*z**2 + 97*z. What is j(-6)?
8
Let v(k) = -313 + 3*k - k + 291 - k. Calculate v(25).
3
Let j(o) = 2*o**2 + 5*o - 4. Let y(p) = -3*p**2 - 8*p + 6. Let s(d) = 8*j(d) + 5*y(d). Suppose -5*f + 55 - 65 = 0. Let b be f/4 - (-1)/2. Calculate s(b).
-2
Let a(r) = -7*r**3 - 15*r**2 - 14*r - 16. Let x(k) = 12*k**3 + 28*k**2 + 27*k + 33. Let v(w) = -5*a(w) - 3*x(w). Calculate v(-8).
5
Let z(v) be the third derivative of v**5/60 - v**4/12 - 10*v**3/3 + 48*v**2 - 2*v. Calculate z(6).
4
Let g(o) = o**3 - 5*o**2 + 2*o - 6. Let k(r) = r**2 - 6*r + 5. Let h(p) = -p**2 + 6*p - 5. Let i(j) = -5*h(j) - 4*k(j). Let s be i(6). Calculate g(s).
4
Let o(i) = -3*i**2 - 2*i + 2. Let a be (-4)/(-14) - (-792)/(-77). Let d be (18/(-45))/(2/a). What is o(d)?
-14
Let t(k) = -4*k + 3 - 5*k**3 + 3*k**3 + 3*k**3. Let x(d) = d**3 + d**2 + d - 1. Let h(u) = -t(u) - 2*x(u). Calculate h(1).
-4
Let p(t) = 14*t - 1. Let m(w) = -25*w + 1. Let k(l) = 3*m(l) + 5*p(l). What is k(2)?
-12
Suppose 35 = 4*j + 47. Let a be 0/(-5 + 10 + j). Let y(o) = -o - 16. What is y(a)?
-16
Let s(k) = -k**3 + 9*k**2 - 8*k + 1. Let h(m) = m**2 + 21*m + 8. Let a be h(-21). Let v be s(a). Let f(q) = 18*q**2 - q + 1. Determine f(v).
18
Let u(f) be the third derivative of f**4/24 - 5*f**3/3 - 2*f**2 - 1. What is u(9)?
-1
Let z(t) = t**2 + t. Let u(s) = s**3 - 9*s**2 - 3*s + 6. Let x(g) = u(g) + 4*z(g). Let i(p) = -p**3 - 49*p**2 + p + 54. Let j be i(-49). Calculate x(j).
11
Let i(y) = -y**2 + 9*y - 7. Let x be i(2). Let h(b) = b + b + 3*b - 16 - 4*b. Calculate h(x).
-9
Let a(d) be the first derivative of -d**2 - 3*d - 1. Let z be (-18)/(-12)*(-8 + 6). Determine a(z).
3
Let c(u) = -1 - 4 - 517*u - 11*u**2 + u**3 + 526*u. What is c(10)?
-15
Let h(w) = -w**2 + 1 - 2 + 4 - 1 - 4*w. Let a(o) = -o**3 - 8*o**2 - 7*o - 6. Let j be ((-14)/3)/((-12)/(-18)). Let c be a(j). Determine h(c).
-10
Let x(m) = 7*m**2 + 2*m + 2. Suppose -4*k + 2*k + 3*q = 23, -2*k = q + 11. Let t(c) = 8*c**2 + 11 + 48*c - 9 - 45*c. Let y(u) = k*x(u) + 6*t(u). Determine y(3).
1
Let g(r) = 18*r**3 - 4*r**2 + 9*r - 2. Let q(v) = 29*v**3 - 6*v**2 + 14*v - 3. Let z(m) = -8*g(m) + 5*q(m). What is z(-2)?
5
Let n(b) be the third derivative of b**5/60 + 7*b**4/12 + 13*b**3/2 + 33*b**2 - 4. Determine n(-10).
-1
Let x(z) be the second derivative of -z**3/6 - 7*z**2/2 + 2*z. Suppose -3*i = -2*j + j + 21, 5*j = -2*i + 3. Determine x(i).
-1
Let r(d) = d - 15. Let z = -2373 - -2381. Determine r(z).
-7
Let u(n) be the first derivative of n**2/2 - 8*n + 778. Suppose 5*v + 0*v - 2*z - 32 = 0, 5*z = -2*v + 7. Calculate u(v).
-2
Let p(z) = z - 9. Let f be p(9). Let o(q) = -7*q + 11*q - 5*q + f*q. Determine o(-2).
2
Let n(w) = -w**2 - 1. Let i be n(-2). Let z(m) be the third derivative of m**5/60 + 5*m**4/24 - m**3/3 + m**2 - 384*m + 3. What is z(i)?
-2
Let t(q) = 6*q**3 + 6*q**2 + 3*q + 20. Let i(u) = 5*u**3 + 6*u**2 + 3*u + 17. Let j(n) = 7*i(n) - 6*t(n). What is j(7)?
-29
Let w(u) = u**2 + 11*u + 6. Suppose -2*p + 4*x + 15 = -3*p, -4*p - 49 = 5*x. Give w(p).
6
Let g(m) = 2300 + 9*m - 2314 - m**2 + 8*m. Determine g(16).
2
Let y(s) = -s + 2. Suppose 355*m = 354*m - 7. Calculate y(m).
9
Let h(m) = 3*m - 4. Let l be h(11). Suppose -l + 8 = -3*z. Let t(q) = q - 8. Give t(z).
-1
Let y(l) = 13*l**2 + 4*l**2 - 20*l**2. Determine y(2).
-12
Suppose 12*n - 169 + 361 = 0. Let k(v) = -v**2 - 17*v - 19. What is k(n)?
-3
Let p(j) be the third derivative of j**5/120 - j**4/4 + 17*j**3/6 - 23*j**2. Let y(k) be the first derivative of p(k). Determine y(5).
-1
Suppose -20 = -3*j + 3*b - b, 2*j - 5*b = 28. Suppose 0 = p + 2*z - 6*z + j, z = 0. Let h(v) be the first derivative of v**3/3 + 5*v**2/2 - v - 4. Give h(p).
-5
Let t(s) = 9*s**3 + 2*s - 1. Let q be t(1). Let p = -10 + q. Let l(y) = 2 - y + p*y**2 + y - 3*y - y**2. Give l(-4).
-2
Let w = -2219 - -2218. Let j(y) = -y**3 + y. What is j(w)?
0
Let m be 28/8 - (-9)/18. Let p(s) = 6*s - 6. Determine p(m).
18
Suppose 3*w + 88 = -56. Let f be w/(-4)*8/(-12). Let n(b) = -b**3 - 7*b**2 + 6*b - 8. Give n(f).
8
Suppose -2*q + 16 = -3*m, -16 = 2*q - 4*m - 36. Let a(u) be the first derivative of -7/2*u**q + 6 + u. What is a(2)?
-13
Let c be -6*(12/48 - (-2)/8). Let r(p) be the second derivative of -p**4/24 + p**3/6 - p**2/2 + 2*p. Let q(t) be the first derivative of r(t). Give q(c).
4
Let y be (2/3)/((-28)/(-126)). Let f(b) = -y*b**3 + 9*b**3 + 7*b**2 + 8 - 5*b**3 + 0 + 8*b. Let a be (-2 + -4)/((-1)/(-1)). What is f(a)?
-4
Let f(x) = -3*x - 5. Let y(u) = 5*u**3 - 85*u**2 + 144*u - 121. Let l(m) = -m**3 + 17*m**2 - 29*m + 24. Let j(q) = -11*l(q) - 2*y(q). Let r be j(15). Give f(r).
16
Let y(f) = -3*f - 6. Let j be y(-11). Let n(l) = -2*l + 57 - 28 - j. What is n(4)?
-6
Suppose -4*p + 6 = -14. Let w(g) = g + 4. Determine w(p).
9
Let p(j) = -33*j - 29. Let g be p(-1). Let i(t) = -12*t. Determine i(g).
-48
Let n(t) = t**2 + 9*t + 4. Let y(b) = -13*b + 45. Let v be y(4). What is n(v)?
-10
Let n(x) = 6*x - 7. Let y(d) = -d**2 + 24*d - 74. Let w be y(20). Determine n(w).
29
Let l(k) = k**3 - 9*k**2 + 2. Let c be (21/56)/(4/96). Give l(c).
2
Let c = -3 - -3. Suppose -7*x + 2*x = c. Let i(p) = -3 - 3 + 0*p + x*p - 2*p. Give i(-4).
2
Let p = 48 + -52. Let c(t) = -3*t - 23. Let n(a) = -a - 8. Let b(w) = 4*c(w) - 11*n(w). Calculate b(p).
0
Let l(j) = -6. Let h(b) = 6*b + 2. Let o be h(-1). Let y(n) = n + 6. Let m(u) = o*l(u) - 5*y(u). Give m(-4).
14
Let o(c) = c**2 - 16*c + 7. Let a(v) = -59*v + 311. Let z be a(5). Give o(z).
7
Let x(g) = -6*g. Suppose 4*o - 3*t - 27 = 2, -t - 3 = 0. Suppose 4*i + 4 = -3*h + 10, 4 = 2*h - 4*i. Suppose -2*u = 8, -3*k = -0*k - h*u - o. Calculate x(k).
6
Let t be ((-119)/(-28))/(2/(-8)). Let q = t - -23.